in base 8?
-6535
65e7 (base 15) to base 3
1002121201
Convert -2642 (base 15) to base 14.
-2d90
Convert -61300 (base 7) to base 8.
-35060
-527 (base 9) to base 3
-120221
What is -5520 (base 8) in base 6?
-21224
Convert 7512 (base 10) to base 2.
1110101011000
Convert -210221 (base 3) to base 11.
-499
What is 1132d (base 14) in base 7?
232556
Convert -b6a (base 13) to base 12.
-1163
-46522 (base 8) to base 13
-9018
Convert 4914 (base 12) to base 16.
2020
70745 (base 9) to base 5
2442120
What is 15 (base 12) in base 16?
11
Convert 1005114 (base 6) to base 3.
2102112201
Convert 203012 (base 4) to base 14.
b66
Convert -21100231 (base 4) to base 5.
-2203213
214 (base 6) to base 8
122
-2068 (base 11) to base 13
-1326
Convert -1093 (base 15) to base 6.
-24133
Convert 253 (base 6) to base 13.
81
-2012202 (base 3) to base 5
-22423
What is -32021 (base 10) in base 3?
-1121220222
Convert 472 (base 9) to base 16.
185
Convert -8066 (base 9) to base 16.
-1704
Convert 3674 (base 8) to base 3.
2201100
Convert 6064 (base 8) to base 3.
11021201
What is -4647 (base 9) in base 14?
-1381
Convert -17764 (base 9) to base 15.
-3994
Convert 7650 (base 16) to base 3.
1112112210
What is 27563 (base 8) in base 2?
10111101110011
Convert -1071 (base 9) to base 14.
-409
Convert 10011001 (base 4) to base 7.
66463
What is -23001 (base 4) in base 3?
-222010
-26056 (base 11) to base 15
-b0d9
15131 (base 6) to base 13
1150
Convert -1987 (base 12) to base 3.
-11021211
What is 288 (base 12) in base 13?
242
What is -100020022 (base 3) in base 11?
-506a
What is 1c2e (base 16) in base 14?
28b4
What is 760 (base 10) in base 14?
3c4
What is -3172 (base 11) in base 3?
-12202022
Convert -10831 (base 15) to base 16.
-ccf7
Convert 139 (base 11) to base 8.
243
What is 22225 (base 7) in base 2?
1010111100101
-198 (base 10) to base 14
-102
Convert -35b (base 13) to base 7.
-1462
What is 2463 (base 10) in base 6?
15223
-24251 (base 7) to base 12
-3798
Convert 66125 (base 9) to base 3.
2020010212
Convert 32365 (base 9) to base 14.
7b59
1001111101 (base 2) to base 14
337
-3519 (base 15) to base 2
-10110000001010
What is -1000101111110011 (base 2) in base 7?
-206311
-4150 (base 13) to base 4
-2030332
Convert 15b3a (base 14) to base 15.
1117e
Convert 252550 (base 7) to base 13.
18286
12033 (base 5) to base 15
3e8
-201110 (base 3) to base 8
-1015
What is 10ab (base 16) in base 4?
1002223
21b7 (base 12) to base 10
3739
What is 1200202122 (base 3) in base 4?
20021102
What is 35892 (base 10) in base 16?
8c34
Convert 7103 (base 8) to base 10.
3651
What is -13455 (base 9) in base 14?
-3478
What is 65703 (base 10) in base 7?
362361
Convert -1177 (base 9) to base 4.
-31300
3315 (base 9) to base 4
212030
Convert 45210 (base 10) to base 7.
245544
What is 202032 (base 7) in base 9?
52066
Convert 20002111 (base 3) to base 7.
15643
22445 (base 9) to base 6
153105
Convert -265b (base 12) to base 7.
-15542
2233 (base 7) to base 4
30220
Convert 199 (base 14) to base 12.
237
2761 (base 12) to base 6
33001
3303132 (base 4) to base 9
23333
What is -12120331 (base 4) in base 13?
-bbb4
What is -10100111001011 (base 2) in base 12?
-6237
Convert 1332 (base 4) to base 16.
7e
What is -121616 (base 7) in base 14?
-817d
44 (base 9) to base 13
31
What is 64 (base 7) in base 8?
56
Convert 837 (base 14) to base 8.
3121
What is dc90 (base 16) in base 4?
31302100
-164 (base 7) to base 16
-5f
What is 522 (base 9) in base 3?
120202
-2142 (base 15) to base 5
-211122
Convert -24475 (base 9) to base 11.
-11387
Convert -16c (base 13) to base 12.
-197
Convert 321145 (base 6) to base 11.
1875a
Convert 37004 (base 8) to base 7.
64200
-ff (base 16) to base 13
-168
Convert -214241 (base 5) to base 2.
-1110100010110
Convert 3322 (base 15) to base 9.
15765
What is -240342 (base 5) in base 12?
-5153
Convert -23212 (base 4) to base 14.
-3b0
Convert e2b (base 16) to base 12.
2123
What is -10122022 (base 3) in base 5?
-41104
3021 (base 7) to base 3
1102200
Convert -31110 (base 5) to base 16.
-7ee
-11001101111010 (base 2) to base 4
-3031322
Convert 2313 (base 4) to base 14.
d1
Convert 3014240 (base 5) to base 12.
2399a
Convert 4333 (base 5) to base 2.
1001010001
Convert 32 (base 7) to base 15.
18
-135524 (base 9) to base 10
-82804
-2b9b (base 13) to base 6
-45313
Convert -12301 (base 4) to base 8.
-661
Convert 1020231 (base 4) to base 16.
122d
-133b7 (base 13) to base 7
-206254
603 (base 10) to base 2
1001011011
What is -1000010 (base 2) in base 5?
-231
1033 (base 4) to base 7
142
What is -3f7a (base 16) in base 10?
-16250
What is -396 (base 13) in base 16?
-276
Convert -22031 (base 5) to base 16.
-5ec
Convert 525355 (base 6) to base 12.
2085b
-559 (base 12) to base 14
-405
Convert 289 (base 10) to base 15.
144
24411 (base 5) to base 6
12332
Convert -1119 (base 13) to base 7.
-6651
What is -1195 (base 11) in base 14?
-7d2
2021121 (base 3) to base 9
2247
What is -144b (base 16) in base 13?
-2498
Convert -1000021 (base 3) to base 11.
-60a
105111 (base 7) to base 2
100100010010011
What is -53 (base 13) in base 11?
-62
What is -234000 (base 5) in base 14?
-3201
489 (base 14) to base 10
905
What is a3 (base 13) in base 4?
2011
100000121 (base 3) to base 13
2cbc
What is 72c (base 16) in base 3?
2112000
59 (base 10) to base 6
135
-2323020 (base 4) to base 16
-2ec8
Convert -15793 (base 10) to base 5.
-1001133
What is 382 (base 9) in base 13?
1b5
100010100 (base 2) to base 14
15a
-cbe (base 15) to base 2
-101100111111
What is -112 (base 9) in base 2?
-1011100
-1021100 (base 3) to base 2
-1110011111
-81 (base 13) to base 16
-69
292 (base 10) to base 7
565
Convert -32330 (base 6) to base 8.
-10536
-1121213 (base 4) to base 8
-13147
Convert 1221 (base 7) to base 3.
121220
-3013112 (base 4) to base 5
-402013
What is 1f9 (base 16) in base 3?
200201
93a (base 14) to base 16
718
-4040 (base 10) to base 15
-12e5
Convert 545 (base 9) to base 15.
1eb
What is 1a56 (base 11) in base 2?
101000101010
What is 865 (base 11) in base 14?
543
-418a (base 11) to base 7
-22106
What is -10100111101010 (base 2) in base 11?
-8075
Convert -10300 (base 4) to base 14.
-17a
1351110 (base 6) to base 16
12bb2
-b334 (base 12) to base 3
-222201111
Convert -2954 (base 15) to base 16.
-2296
What is -2751 (base 8) in base 4?
-113221
1631 (base 8) to base 14
49b
What is 503 (base 10) in base 13?
2c9
111001110 (base 2) to base 14
250
26006 (base 7) to base 8
15322
What is -951 (base 10) in base 7?
-2526
What is -45c (base 13) in base 14?
-3bb
Convert -2530 (base 10) to base 7.
-10243
What is 6530 (base 9) in base 2?
1001011000110
What is 5270 (base 8) in base 6?
20412
What is -5333 (base 12) in base 5?
-242421
What is -108 (base 15) in base 14?
-129
What is -121112 (base 8) in base 6?
-520202
-1626 (base 10) to base 16
-65a
Convert -1371 (base 8) to base 7.
-2135
Convert 110200102 (base 3) to base 2.
10010000011101
-82db (base 14) to base 12
-11061
Convert -8674 (base 12) to base 7.
-61036
Convert 305 (base 13) to base 5.
4022
Convert 10001010111101 (base 2) to base 9.
13171
Convert 4131 (base 5) to base 2.
1000011101
Convert -23b3 (base 15) to base 11.
-5783
1547 (base 10) to base 9
2108
11111010111100 (base 2) to base 15
4b5a
What is -180a (base 15) in base 4?
-1101001
311 (base 15) to base 4
22303
What is -d074 (base 15) in base 7?
-242143
What is -60570 (base 10) in base 12?
-2b076
330 (base 14) to base 13
396
Convert -125105 (base 7) to base 16.
-5b52
Convert -d6 (base 14) to base 16.
-bc
Convert -22320 (base 4) to base 13.
-417
-244 (base 5) to base 12
-62
-443213 (base 6) to base 12
-19509
What is -17678 (base 9) in base 11?
-9200
Convert 35615 (base 7) to base 6.
110412
Convert 4443 (base 6) to base 12.
723
What is 141a (base 14) in base 7?
13233
What is 623 (base 12) in base 5?
12031
1302 (base 8) to base 7
2026
Convert -40a (base 11) to base 5.
-3434
-215040 (base 7) to base 15
-b2c3
Convert 110605 (base 7) to base 14.
7175
Convert 2102221 (base 4) to base 13.
436c
-6052 (base 7) to base 15
-94a
Convert -467 (base 16) to base 11.
-935
-611 (base 8) to base 9
-476
Convert -44ea (base 16) to base 13.
-8051
-22022 (base 4) to base 13
-3b0
-24a9 (base 12) to base 15
-1376
Convert -23b (base 15) to base 7.
-1322
-5 (base 13) to base 15
-5
What is -6996 (base 10) in base 8?
-15524
236